-8).
5
Suppose -5*s + 15 = 5*l, 0 = -2*l - 0*s + s + 9. Suppose l - 1 = 3*d - p, 3*p = -d - 9. Let j(m) = m**2 + m + d*m + 3*m**2 - 3*m**2. Determine j(-1).
0
Let d(q) be the second derivative of -7*q**3/6 + q. Suppose -3*r + 6*r + 3 = 0. Let l be 1/(2/(-4)) - r. Give d(l).
7
Let f(p) = 7*p**3 + 2*p**2 - 8*p**3 + 4*p + 22 - 26. Determine f(3).
-1
Suppose -11 = -3*p - 4*g, 5*p + g = -0*g + 7. Let s(t) = -6*t + 0*t + p + 6*t + 6*t. Let c = 4 - 3. What is s(c)?
7
Let z(b) = -8*b + 1. Let j(k) = 9*k - 1. Let a(l) = -3*j(l) - 2*z(l). Let o(i) = i**2 - 3. Let r be o(2). Determine a(r).
-10
Let c(n) = -3*n - 3 - 3 + 4*n. Give c(-6).
-12
Let d(t) = -t**2 + t + 5. Let z be (3 - -1) + 0/3. Give d(z).
-7
Let m(t) = -3*t. Let v = -35 + 36. Give m(v).
-3
Let q be (-2)/4*2*-1. Let n(c) = -c. Let y(i) = -3*i. Let f(r) = r. Let s(b) = -9*f(b) - 2*y(b). Let x(m) = q*s(m) + n(m). Calculate x(1).
-4
Suppose -20*v + 3 = -17*v. Let j(q) = -6*q**3 - 2*q**2 + q. What is j(v)?
-7
Let o = 19 - 19. Let i(x) = 18 + o*x**2 - 13 - 6*x + x**2. Let c be (-2)/(-2) + 5/1. Calculate i(c).
5
Let u(s) be the third derivative of s**6/120 + s**5/12 - 5*s**4/24 - s**3/3 + 13*s**2. What is u(-6)?
-8
Let a(i) = -6*i**2 - 11*i - 9. Let r(h) = -7*h**2 - 12*h - 10. Let n(q) = -6*a(q) + 5*r(q). Give n(-6).
4
Let n(i) = i + 2*i + 0*i - 2. Let d be (48/(-15))/((-4)/10). Let h = d + -6. Determine n(h).
4
Suppose -4*c + 6 = -3*h, 4*c - 2*c = 0. Let w(g) = g**3 - g**2 - g - 1. Let b(j) = 4*j**3 - 5*j**2 - 7*j - 5. Let n(f) = b(f) - 3*w(f). Calculate n(h).
-10
Let m(v) = 2*v**2 - 3*v. Suppose 3*a - 14 = -5*w, 0 = -w - 2*w - 2*a + 8. Suppose 0 = w*l - 9 + 1. Calculate m(l).
2
Let h(o) = -o**3 + 4*o**2 - 3*o + 6. Let s = -11 + 15. Determine h(s).
-6
Let d(v) = 2*v + 3. Let q(t) = -4*t**3 - t**2 + 16*t + 9. Let z(b) = 3*b**3 + b**2 - 11*b - 6. Let c(r) = 5*q(r) + 7*z(r). Let y be c(-2). Calculate d(y).
-3
Let t(y) be the second derivative of -y**8/6720 - y**7/420 - y**6/120 - 7*y**5/120 - y**4/6 - 2*y. Let h(j) be the third derivative of t(j). Give h(-5).
-2
Let n(y) = -y - 3. Let v(x) = -4*x - 8. Let r(k) = -14*n(k) + 5*v(k). Let d be (-12)/(-15)*10/4. Give r(d).
-10
Let a(m) = -2*m**3 - 2*m**2 + m + 5. Let x(h) = -5*h**3 - 7*h**2 + 3*h + 14. Let s(y) = 8*a(y) - 3*x(y). Suppose 5*z + t = -4*t + 50, 0 = -z + t. What is s(z)?
-7
Let t(q) = q**3 + 5*q**2 - 7*q - 2. Let c be 403/(-65) - 1/(-5). What is t(c)?
4
Let y(z) be the first derivative of z**3 + z**2/2 + z + 29. Calculate y(-2).
11
Let x = -11 + 13. Let m(j) = 5 - 2 - 3 + x*j. Determine m(1).
2
Let g(h) = 2*h - 1. Let n be ((-2)/4)/(3/24). Give g(n).
-9
Let i = -1 - 0. Let d = 10 + -8. Let w(m) = -11*m + 1 + 7*m - 5*m**d + 6*m. What is w(i)?
-6
Let i(f) = -f**2 + 5*f - 1. Let j = 14 - 8. Suppose 0 = j*g - 8*g + 10. Calculate i(g).
-1
Let d(q) = -q**2 + 3*q - 1. Let j = -5 + 8. Determine d(j).
-1
Let k(a) = 6*a**2 - a - 5. Let l(u) = 5*u**2 - 2*u - 5. Let j(v) = -6*k(v) + 7*l(v). Let b be 0 + -3 + 6 + 1. Suppose 6 + 14 = -b*g. What is j(g)?
10
Let p(l) = 1 - 12*l**3 + 0 + 2*l**3. Suppose y + 2*y = -3. Give p(y).
11
Let t(a) = 17*a + 1. Suppose -6*v = -4*v - 2. Give t(v).
18
Let d = 27 - 43. Let z = d - -11. Let x(w) be the third derivative of w**4/8 + w**3 - w**2. Determine x(z).
-9
Let c(d) = d - 2. Let s be c(2). Let w(z) be the first derivative of -z**4/4 + z**3/3 + z**2/2 + z + 38. Give w(s).
1
Let t(v) = v**2 + 3*v - 4. Let i be -2 + 8/3*3. Let a(d) = -d - 1. Let c(h) = 2*h - 1. Let u(n) = -a(n) - c(n). Let g be u(i). Calculate t(g).
0
Let r(d) = -d**2 + 3*d + 2. Let z = 3 + 1. Let c be z/2*(-18)/4. Let v = c + 13. What is r(v)?
-2
Suppose -w + 5 = 1. Let m(k) be the first derivative of 4 - 1/4*k**w + 1/3*k**3 + k - 1/2*k**2. What is m(2)?
-5
Let o(j) = -1. Let p(h) = 3. Let l(m) = -2*o(m) - p(m). Let r be 6/(-2) + (-2)/(-2). Let w(b) = 3*b + 3. Let n(f) = r*l(f) - w(f). Determine n(1).
-4
Let o(u) = -u + 8. Let k(a) = a**2 - 6*a - 8. Let b be k(8). Calculate o(b).
0
Let r(y) be the second derivative of -1/2*y**2 + 1/3*y**3 + 0 + 1/3*y**4 - 2*y. Suppose 2 = 4*t + 2*s, 3*t = -2*t + s + 6. Give r(t).
5
Let u(x) = 6*x - 1 - x**2 + 0*x + 0*x**2. Let b = 16 + -11. Suppose -2*s = -b*s + 12. What is u(s)?
7
Let k(v) be the first derivative of -4*v**2 - v - 7. What is k(-2)?
15
Let f(m) = m**3 + 5*m**2 - 6*m + 1. Suppose 19*u = 14*u - 30. Give f(u).
1
Let t(l) = -2*l**2 - 4*l + 7. Let z(g) = -g**2 - 3*g + 6. Suppose n + 2*n + 2*f - 17 = 0, -3*f = -12. Let m(h) = n*z(h) - 2*t(h). Give m(0).
4
Suppose -4*q + 13 + 11 = 0. Let x(l) = -3 - 3*l - q*l + 6*l. Calculate x(-2).
3
Let w(o) = -o**2 + 3*o + 1. Let y(p) = -p**3 - 11*p**2 - 11*p - 9. Let k be y(-10). Suppose k = 2*h - 3. Determine w(h).
3
Let o(y) = -3*y. Let f be o(-1). Let z(m) = f*m - m - 4*m + m - 3. Determine z(5).
-8
Let p(y) = -y + 1. Suppose 5*w + 4 = 2*i, 3*w + i = -i + 4. Determine p(w).
1
Let f(r) = -3 - r - 16*r**2 + r**3 + 23*r**2 - 6. Determine f(-7).
-2
Let p(t) be the second derivative of t**7/840 - t**6/90 - 2*t**3/3 - 5*t. Let c(x) be the second derivative of p(x). Determine c(2).
-8
Suppose -3*o + o + 6 = 0. Let p(y) = y**2 - 3. Let z be p(o). Let v(k) = -51*k**2 + 26*k**2 - 6*k + 26*k**2 + 3. Calculate v(z).
3
Let x(p) = -2*p + 6. Let r be x(8). Let u = 5 + r. Let q(y) = -y**3 - 5*y**2 + y + 7. Calculate q(u).
2
Let d(k) = k - 1. Suppose 8*h - 36 = 4*h. Let m = 15 - h. Calculate d(m).
5
Suppose 3*q + g = -1, 2*q - 17 = -3*g - 6. Let m(f) = -f**3 - f**2 - f + 2. Determine m(q).
8
Let f(s) be the second derivative of -s**6/120 - s**5/60 + s**3/6 + 3*s. Let r(j) be the second derivative of f(j). What is r(-2)?
-8
Let d = -5 + 9. Let n(w) = w + 4. Calculate n(d).
8
Let z = 7 - 5. Suppose 3*g = z*g. Let q(r) = -r**3 + r**2 + 2. Calculate q(g).
2
Let t(o) = 2*o**3 + 2*o**2 + 2. Suppose -3*x = 6 - 0. Determine t(x).
-6
Let f(v) = 4*v - 10. Suppose 4*c - 27 = -m, -10 = -3*m + 2*c + 1. Calculate f(m).
18
Let j(b) = -b - 1. Let l(s) = s**2 + 11*s + 12. Let u(z) = -6*j(z) - l(z). Calculate u(-5).
-6
Let f be (-10 + 0)*2/(-5). Let z(s) be the first derivative of -1 - 1/3*s**3 - 2*s + 1/4*s**f + 0*s**2. Calculate z(0).
-2
Suppose -z = -4*q + 11, -q - q = 4*z - 28. Let p(h) = h + 11. Let w be p(-4). Suppose 3*t + q = w*t - 4*l, 4*t = -3*l + 39. Let a(g) = -g + 6. Determine a(t).
0
Let o(y) be the third derivative of y**6/360 - y**4/6 - y**2. Let i(c) be the second derivative of o(c). Give i(1).
2
Let m = 7 - 6. Let d = m + -1. Let u(s) = -s**3 + s**2 + 4. Determine u(d).
4
Let m(b) be the third derivative of -b**5/60 - b**4/6 + 5*b**3/6 + b**2. Suppose -2*c - 2*k = 14, 5*c + 5 + 22 = -k. Determine m(c).
0
Let v(x) = x**3 + x**2 - 3*x + 3. Let w be 2/(-1)*-6*1/(-4). Determine v(w).
-6
Let s be (2 + 0)/(0 - 1). Let m be 1/((-15)/(-6) + s). Let f(l) = -1 + 2*l**3 - 3*l**2 + 0*l**m - l**3. Give f(2).
-5
Suppose -p - 9 + 5 = 0. Let r(m) = -m. Let j be r(p). Suppose 2*o = j*q - q + 8, 4*q = -2*o - 20. Let i(y) = 4*y + 3. Calculate i(q).
-13
Let q(l) = -l**2 - 11*l - 10. Suppose -1 + 31 = -3*w. What is q(w)?
0
Let r = 17 + -11. Let p(o) = o**2 - 7*o + 2. What is p(r)?
-4
Let s be 3 + (1 - (2 - 2)). Let m = s + -2. Let j(i) = 5*i. What is j(m)?
10
Let q be -7 + -1*(-2 + 1). Let l(w) be the third derivative of -w**6/120 - w**5/10 - w**4/24 + 2*w**2. Give l(q).
6
Let z(d) = 2*d**2 - 7*d + 4. Let x be z(4). Let u = x + -3. Let l(w) = 4 - 5*w - 2*w**3 + 3*w**3 - 2*w**2 - 2*w**2. Give l(u).
4
Let z = -94 - -92. Let c(m) = 2*m**3 - m - 2 + 1 + 3*m**2 + 3*m. Calculate c(z).
-9
Let l be (-9)/(-5) + (-1)/(-5). Let x(y) = 2 + l*y - y - 1 + y. Calculate x(3).
7
Let c(v) = -v**2 + 3*v - 3. Suppose 4*s + 5 = 3*u - 6, 0 = -u + s + 4. Suppose -5*d + 10 = -u. Give c(d).
-3
Let h(v) = -3*v**2 - 7*v + 6 - 2*v**2 - 2*v**2 + 6*v**2. Determine h(-7).
6
Suppose -5*j + 12 = -2*j. Let r(k) = 3*k + j*k - 2*k - k**2. Give r(6).
-6
Let z be (-3)/((-1 - 0)*1). Let l(c) be the third derivative of c**4/24 + c**3/6 + 136*c**2. Determine l(z).
4
Let a(t) = -2*t**2 - t - 2. Let v(o) = o**2 + 1. Let w(z) = -2*a(z) - 3*v(z). Calculate w(-2).
1
Let v be (-9)/(-1) + (-5 + 7 - 6). Let n(l) = l**3 - 6*l**2 + 4*l + 1. What is n(v)?
-4
Let q(i) = 5*i - 8. Let p(h) = 5*h - 9. Let t(x) = -6*p(x) + 7*q(x). Let o(z) = -z + 1. Suppose -